{"id":2,"date":"2016-05-10T03:48:21","date_gmt":"2016-05-10T03:48:21","guid":{"rendered":"http:\/\/clemens-clahsen.com\/?page_id=2"},"modified":"2021-01-30T16:33:32","modified_gmt":"2021-01-30T16:33:32","slug":"sample-page","status":"publish","type":"page","link":"http:\/\/clemens-clahsen.de\/?page_id=2","title":{"rendered":"\u00dcber uns"},"content":{"rendered":"\n<p>Wir sind nun seit mehr als 25 Jahre ein Fachbetrieb f\u00fcr Forst- und\u00a0 Gartenmaschinen, Gartenger\u00e4te und Metallarbeiten.<br><br>Neben den g\u00e4ngigen Maschinen unserer Partner, bieten wir auch kundenspezifische Werkzeuge- und Spezialanfertigungen an.<br><br><br>Damit Sie an Motors\u00e4gen oder Motorsensen, Rasenm\u00e4hern oder Rasentraktoren, Vertikutierern oder Gartenh\u00e4ckslern und unserem gesamten sonstigen Sortiment viel Freude haben, stehen wir vor Ort mit der eigenen Werkstatt, Ersatzteilen und unserem ganzen Engagement zu Ihrer Verf\u00fcgung.<br><br>Bei der Auswahl unserer Lieferanten sind wir daher besonders kritisch und setzen auf bekannte Markenhersteller mit \u00fcberzeugender Qualit\u00e4t. <\/p>\n\n\n\n<figure class=\"wp-block-image size-large aboutpicture\"><img loading=\"lazy\" decoding=\"async\" width=\"1024\" height=\"515\" src=\"http:\/\/clemens-clahsen.com\/wp-content\/uploads\/2020\/01\/Clemens-Clahsen-1024x515.png\" alt=\"\" class=\"wp-image-62\" srcset=\"http:\/\/clemens-clahsen.de\/wp-content\/uploads\/2020\/01\/Clemens-Clahsen-1024x515.png 1024w, http:\/\/clemens-clahsen.de\/wp-content\/uploads\/2020\/01\/Clemens-Clahsen-300x151.png 300w, http:\/\/clemens-clahsen.de\/wp-content\/uploads\/2020\/01\/Clemens-Clahsen-768x386.png 768w, http:\/\/clemens-clahsen.de\/wp-content\/uploads\/2020\/01\/Clemens-Clahsen-676x340.png 676w, http:\/\/clemens-clahsen.de\/wp-content\/uploads\/2020\/01\/Clemens-Clahsen.png 1284w\" sizes=\"auto, (max-width: 1024px) 100vw, 1024px\" \/><figcaption>Gesch\u00e4ftsf\u00fchrer Clemens Clahsen<\/figcaption><\/figure>\n","protected":false},"excerpt":{"rendered":"<p>Wir sind nun seit mehr als 25 Jahre ein Fachbetrieb f\u00fcr Forst- und\u00a0 Gartenmaschinen, Gartenger\u00e4te und Metallarbeiten. Neben den g\u00e4ngigen Maschinen unserer Partner, bieten wir auch kundenspezifische Werkzeuge- und Spezialanfertigungen an. Damit Sie an Motors\u00e4gen oder Motorsensen, Rasenm\u00e4hern oder Rasentraktoren, Vertikutierern oder Gartenh\u00e4ckslern und unserem gesamten sonstigen Sortiment viel Freude haben, stehen wir vor Ort [&hellip;]<\/p>\n","protected":false},"author":1,"featured_media":0,"parent":0,"menu_order":2,"comment_status":"closed","ping_status":"open","template":"template-fullwidth.php","meta":{"footnotes":""},"class_list":["post-2","page","type-page","status-publish","hentry","post-preview"],"_links":{"self":[{"href":"http:\/\/clemens-clahsen.de\/index.php?rest_route=\/wp\/v2\/pages\/2","targetHints":{"allow":["GET"]}}],"collection":[{"href":"http:\/\/clemens-clahsen.de\/index.php?rest_route=\/wp\/v2\/pages"}],"about":[{"href":"http:\/\/clemens-clahsen.de\/index.php?rest_route=\/wp\/v2\/types\/page"}],"author":[{"embeddable":true,"href":"http:\/\/clemens-clahsen.de\/index.php?rest_route=\/wp\/v2\/users\/1"}],"replies":[{"embeddable":true,"href":"http:\/\/clemens-clahsen.de\/index.php?rest_route=%2Fwp%2Fv2%2Fcomments&post=2"}],"version-history":[{"count":6,"href":"http:\/\/clemens-clahsen.de\/index.php?rest_route=\/wp\/v2\/pages\/2\/revisions"}],"predecessor-version":[{"id":231,"href":"http:\/\/clemens-clahsen.de\/index.php?rest_route=\/wp\/v2\/pages\/2\/revisions\/231"}],"wp:attachment":[{"href":"http:\/\/clemens-clahsen.de\/index.php?rest_route=%2Fwp%2Fv2%2Fmedia&parent=2"}],"curies":[{"name":"wp","href":"https:\/\/api.w.org\/{rel}","templated":true}]}}